4*k - k, -3*g + k - 170 = 0. Let i be 906/(-8) + 2/8. Let b = g - i. Is b prime?
False
Suppose -2*t = -5*a - 0*t - 60, 5*t = -4*a - 48. Let y be (-64)/a - (-8)/12. Let w(h) = 10*h**2 + 2*h - 1. Is w(y) prime?
False
Let t = 118 + -83. Is (-6)/(-21) + 7025/t a composite number?
True
Let q be (-1 + -192)*(-4)/(-2). Is 0 - q/2 - 2 a composite number?
False
Let g(t) = t**3 + 8*t**2 + t + 7. Let l be g(-8). Let m(p) = 1207*p**2 + p + 1. Is m(l) a prime number?
False
Suppose 18987 = 4*o + 5*c, -6*c + 4*c - 18966 = -4*o. Suppose -3*z = 6*z - o. Is z composite?
True
Let y = -1904 + 3595. Is y a prime number?
False
Let x be (-2)/9*8 - 6/27. Is (6*2/(-4) - x) + 192 a prime number?
True
Let j(s) = 2*s**3 - 7*s**2 + 7*s + 1. Suppose -2*y - 23 = -2*p - 3*p, 3*y + 12 = 3*p. Let l be j(p). Suppose 0 = n + 2*n - l. Is n composite?
False
Suppose 5*v + 2*j - 103513 = 0, -j - 8931 + 91739 = 4*v. Is v prime?
False
Let w = 39034 - 19317. Is w a prime number?
True
Suppose -y + 13037 = -p, -29*p + 20 = -34*p. Is y a prime number?
True
Suppose -2*n - 2*n + 4 = 0, m + n = 25. Suppose 0*g + 4*g + m = 0. Let o(h) = -3*h**3 - 10*h**2 - 5*h + 8. Is o(g) composite?
True
Let c(n) = 1226*n**2 - 23*n - 46. Is c(-3) a prime number?
True
Suppose 3*k = -2*s + 17, k + 37 = 4*k - 2*s. Let o = k - -322. Is o a prime number?
True
Let w be 17 + (0 - 2/(-2)). Let i be -66*((-16)/12 - -2). Let v = w - i. Is v a prime number?
False
Let c be (40/4)/((-1)/(-2)*-2). Suppose -11 - 37 = -4*x. Is x/(-20) + (-1316)/c prime?
True
Let i be 2*(-3)/((-6)/25). Suppose -5*k - i = -70. Is (-278)/(k/(-3) - -1) a composite number?
False
Suppose 15*p + 1169 = 16*p. Suppose -4480 - p = -3*x. Is x a prime number?
False
Let o = -1 + 0. Let l be -1 - (3/o + -3). Suppose -l*b = -b - 1324. Is b prime?
True
Let m = -20 - -36. Suppose 10*q = m*q - 8346. Is q a prime number?
False
Suppose 2*n = -22 + 12. Let l be ((-1588)/(-10))/(n/(-75)). Suppose -7*b + b = -l. Is b composite?
False
Let w(h) = h**2. Let o(s) = -5*s**2 - 8*s + 10. Let t(y) = -o(y) - 3*w(y). Let c be t(-7). Suppose -j - c = -5*q + 34, -4*q + 48 = 4*j. Is q a composite number?
False
Let v = 193 - -76. Suppose 3*x - c + v = c, -x + 5*c - 81 = 0. Is (-8)/(-14) - 26793/x composite?
True
Suppose -y - 2*y = -1653. Let q be 4/(-2)*(-6)/(-12). Is 2 + y/(q - -2) a prime number?
False
Let f(h) = -h**3 + 11*h**2 - 8*h - 12. Let s be f(10). Suppose s*w - 15870 = 1402. Is w a prime number?
False
Let x(c) = 35*c**2 - 34*c + 13. Is x(10) a composite number?
True
Suppose -11657 = -3*q + 11*o - 7*o, 2*o = 4*q - 15556. Is q composite?
True
Let q(y) = 2*y**3 + 1. Let l be q(1). Suppose 65 = 13*i + 13. Suppose l*x + 2227 = 5*v, -2*v - 28 = -i*x - 930. Is v composite?
False
Let v = -591 + 1037. Is v composite?
True
Suppose 2*j + 1 = s, 2*j - j + 3*s - 3 = 0. Suppose -3*i + 4*m = -14, j*i = 4*i + 4*m. Suppose -3*b - 5*y = -720 - 1298, i*y + 2011 = 3*b. Is b composite?
True
Suppose 71 + 0 = j. Let y = j + 186. Is y a composite number?
False
Suppose -5*k - 10 = 3*z, 5*z - 4*k = k + 10. Suppose i - 269 - 110 = z. Is i composite?
False
Suppose 48*g - 44*g - 26492 = 0. Is g prime?
False
Let h(u) be the second derivative of u**5/20 - u**4/2 + 2*u**3/3 - u**2 - 4*u. Let x be h(5). Let p(i) = -12*i + 10. Is p(x) a composite number?
True
Let h(m) = 42*m**2 - 7*m - 3. Is h(-4) prime?
False
Let m(x) = 17*x**2 + 87*x - 1. Is m(-40) a prime number?
True
Suppose -3*p = 4*y - 4967, p - 2*p + 5*y = -1662. Is p prime?
True
Let q(a) = -a**2 + 20*a + 10. Let y be q(13). Suppose -5*j - y = -f + 75, -5*j = f - 206. Is f a composite number?
False
Suppose 0 = -o + 4*o - 4*z - 31, 0 = -2*o + z + 14. Let n be 46/(-10) - (-3)/o. Let j(g) = 6*g**2 + g - 5. Is j(n) composite?
True
Let r = 9412 + -4193. Is r prime?
False
Let l(i) = -i + 1. Let o be l(2). Let k be (0 - o) + (-8)/(-4). Suppose 951 = 5*h - 2*m, 5*h = k*h + m + 380. Is h composite?
False
Let h(v) = 92274*v**2 - 17*v - 2. Is h(-1) composite?
True
Suppose 4*l - 101671 = 3*o, -76256 = -3*l - 18*o + 23*o. Is l composite?
True
Is -2 + (-4 - -753) + 8/4 a prime number?
False
Suppose -c = 3*j - 6*c - 21, 0 = 2*j - 3*c - 13. Let m(p) = -2*p**3 - 2*p + 1. Let b be m(j). Let v = 3 - b. Is v a prime number?
False
Suppose 9*j - 32 = 22. Is 1636/j*((-105)/(-10))/7 a composite number?
False
Let c(t) = 489 - 5*t**2 + 3*t**2 + 0*t + 0*t + t**3. Is c(0) a prime number?
False
Let x(c) = 12 - 25 - 445*c + 11. Is x(-1) a composite number?
False
Is 1378068/30 - (-45)/(-75) composite?
True
Let u = -35 - 19. Suppose 12*f = 9*f + 411. Let p = f - u. Is p a prime number?
True
Suppose -2*b = 3*u + 11, u = -3*b + 5*u + 26. Is (-121 - b)*1/(-1) a prime number?
False
Let u(l) = -2*l**2 + 3*l + 4. Let m(v) = 0*v**2 - 3*v - 5 + 3*v**2 - v**2. Let x(o) = 3*m(o) + 2*u(o). Is x(8) prime?
True
Let q(c) be the first derivative of -11*c**3/6 + 6*c**2 + 11*c + 7. Let u(v) be the first derivative of q(v). Is u(-7) a composite number?
False
Let w = 29 + -28. Let s be (-1)/((-1 - -1) + w). Is 20088/64 + s/(-8) composite?
True
Is 0 + (51452 - 0 - (6 - 3)) prime?
True
Suppose -393924 = -19*x + 61525. Is x a composite number?
False
Let r = -94 - 348. Let h = 653 + r. Is h a prime number?
True
Let v(p) = -p**3 + 11*p**2 + 15*p - 20. Suppose -2*m + 4*z + 26 = 0, m - 5*z + 9*z - 7 = 0. Is v(m) a composite number?
True
Suppose -2*l = 3*w - 19, -l - 2 = -w + 1. Suppose g - w = -0*g, -4*b = g - 1197. Is b a composite number?
True
Suppose 2*n + x = 3*x + 16830, -5*x + 33696 = 4*n. Is n prime?
True
Let o(c) = 6*c**3 + 7*c**2 - 7*c + 29. Is o(10) a prime number?
True
Let p = 1611 - -1186. Is p prime?
True
Let r = 109 - 49. Suppose -r = 2*c - 2180. Suppose k = 4*o - 2*o - 417, -c = -5*o - k. Is o a composite number?
False
Suppose -f = -6*f + 74615. Is f composite?
False
Suppose -g + 7*g - 16734 = 0. Is g prime?
True
Suppose 0 = f - 2*f - 2*g - 7, 0 = -4*f - 3*g - 13. Let t be -2 + f + -2 + 8. Suppose -3*j = -t*l - 189, -4*j + 5*l + 125 + 123 = 0. Is j prime?
True
Let h = -6230 - -12867. Is h a composite number?
False
Suppose 7*z - 12804 - 503 = 0. Is z prime?
True
Let y(a) be the third derivative of -a**5/60 + 11*a**4/24 + 5*a**3/2 + 2*a**2. Let i be y(12). Suppose 5*j + 1684 = 3*w, 3*w - i*j - 1121 = w. Is w prime?
False
Let b(y) = 18*y + 91. Is b(3) a prime number?
False
Suppose -2*o = r - 12 + 2, 5*o + r - 22 = 0. Suppose 2*c - o*d + 2 = 0, 1 = 4*c + d - 4*d. Is 1*(c*-382)/(-2) prime?
True
Suppose 0 = -32*r + 55*r - 312731. Is r a composite number?
False
Let n = -15 + 19. Let h be 58/12 - (-2)/12. Suppose -n*p = -h*c + p + 695, -c = -4*p - 130. Is c composite?
True
Let v be 1/(-2)*(-72)/(-3). Let j(o) be the first derivative of -o**4/4 - 8*o**3/3 - 19*o**2/2 - 13*o - 191. Is j(v) a prime number?
False
Suppose 11*c = 7*c + 12136. Let r = -1377 + c. Is r composite?
False
Let r = 18920 - 11317. Is r a composite number?
False
Let a(b) = 5*b + 9. Let h be a(3). Suppose h*f = 25*f - 511. Is f prime?
False
Let y(a) = -a**2 - 7*a - 10. Let b be y(-4). Suppose -3*r - b*r = -1375. Suppose -4*f = -3*k - 1336, -5*k = -f + 42 + r. Is f prime?
True
Suppose 5*v = -2*n + 1192, -n - 2384 = -5*n - 5*v. Suppose 4*h = 5*m - 758, -4*m + 4*h - 6*h + n = 0. Is (3 - 6) + 2 + m a composite number?
False
Is (-132465)/12*(1 - (-10 + 15)) composite?
True
Suppose 2*o + 2*o + 44 = 0. Let s(k) = k**2 + 10*k - 10. Let t be s(o). Is ((t - -2) + -62)*-3 composite?
True
Let z(c) = -3*c - 43*c**3 + c + 1 + c**2 + 117*c**3. Let g(k) = -k**3 - 16*k**2 + 1. Let y be g(-16). Is z(y) a prime number?
False
Let l(w) = w**2 + w + 1. Let q(z) = -144*z**2 + 4*z + 5. Let x(d) = 5*l(d) - q(d). Let j be x(-1). Suppose -j = h - 5*h. Is h a prime number?
True
Let n = -1239 + 1944. Suppose 0 = w - 4*w + n. Is w composite?
True
Suppose 0 = 8*n + 7049 + 6007. Let z = -285 - n. Is z prime?
False
Suppose -11*t - 9877 = -18*t. Is t composite?
True
Let o be (-1)/(2 + 45/(-21)). Suppose -o*p + 4*p + 6 = 0. Suppose 3*m + p*i - 261 = 0, 335 = 4*m + 3*i - 12. Is m prime?
True
Let v = 2757 + 1610. Let k = v - 2969. Suppose -7*t = -t - k. Is t composite?
False
Is (-1 - 0)*-4*262107/36 prime?
True
Suppose -6*b + 1680 = -11*b. Let w = -97 - b. Is w a prime number?
True
Let w(i) = 1410*i**3 + 4*i**2 - 2*i - 1. Is w(1) a prime number?
False
Let w